What are the prime factors of w(x)?
2, 107
Suppose 16*t - 12802 = 15*t + 2*x, x + 128001 = 10*t. What are the prime factors of t?
2, 5
Suppose -p - 5*f - 8 = 9, 8 = -4*p - 5*f. Suppose -342 + 129 = p*c. Let a = 141 + c. List the prime factors of a.
2, 5, 7
Suppose 52*j - 113*j + 288164 = 0. What are the prime factors of j?
2, 1181
Suppose -105 = -5*b - 4*d, b + 3*b - 5*d = 84. Suppose 4*k + b = 5*k. Let u = -1 + k. What are the prime factors of u?
2, 5
Let y(v) = -75*v + 15. Let c(u) = 885*u - 180. Let s(t) = -3*c(t) - 35*y(t). Let q = -25 - -18. What are the prime factors of s(q)?
3, 5
Suppose 495 = 10*n - 15*n. Let x = 52 + 90. Let l = x + n. What are the prime factors of l?
43
Suppose t - b = 3390, -3*t - 27*b + 23*b + 10163 = 0. List the prime factors of t.
3389
Let y(m) be the second derivative of 1013*m**3/6 - 55*m**2/2 + 85*m. List the prime factors of y(2).
3, 73
Suppose -6*w + 474 = -5*w. Let k be 2/((-4)/w*3). Let z = 81 + k. List the prime factors of z.
2
Let j(p) = 13*p**2 + 26*p + 27. Let f be j(-1). What are the prime factors of ((-108)/f)/(56/(-3528))?
2, 3
Let u(d) = d**3 - 18*d**2 + 131*d - 1295. List the prime factors of u(44).
5, 97, 113
Let n = 4419 + 1422. What are the prime factors of n?
3, 11, 59
Let b(k) = k**2 + 2*k - 73. Let u be b(9). What are the prime factors of 10518/14 + -1 + u/(-91)?
2, 3, 5
Suppose 2*j - 29 = -3*z, -3*j - z + 36 = 2*z. Suppose -9*r + j*r = 4*m - 3676, 3*m - 2748 = 3*r. List the prime factors of m.
2, 3, 17
What are the prime factors of ((-19040)/(-100))/((-10)/(-2425))?
2, 7, 17, 97
Let o(h) = 20*h**2 + 281*h + 424. What are the prime factors of o(-62)?
2, 79, 379
Suppose -4 = 141*c - 143*c. Suppose -2*p = -5*g + 891, 183 = -0*g + g + c*p. List the prime factors of g.
179
Suppose 65270 = 2*o + 3*o - 5*u, -2*o - u = -26117. List the prime factors of o.
11, 1187
Let y be ((-7)/2 + 4)*(190 - -8). Let o = 15 + y. What are the prime factors of o?
2, 3, 19
Suppose 0 = 17*l - 6 - 11. List the prime factors of ((-76)/76)/(l/(-1699)).
1699
Suppose -1077 = -3*q - 3*k + 11862, -2*q - 3*k + 8621 = 0. List the prime factors of q.
2, 17, 127
Let c = 1362 + -899. Suppose -2*h = -c - 687. What are the prime factors of h?
5, 23
Let j = -2987 + 3162. Let t = 107 + -193. Let k = j + t. List the prime factors of k.
89
Suppose -37*l + 14316 = -225185. What are the prime factors of l?
6473
Let k(v) = -v**2 + 12*v - 7. Let f be k(11). Suppose 3*q + f*t = -2*q - 224, 4*q + 204 = 3*t. Let y = q - -74. List the prime factors of y.
2, 13
Suppose 23*g = 34*g - 44. Suppose 0 = -g*d - k + 4714, -17*d + k = -18*d + 1177. List the prime factors of d.
3, 131
Suppose 1 = x + 3*w, x - 3 = w - 2*w. Suppose -l = -x*p + 38, l + 5*p = -0 - 2. What are the prime factors of l/(-3) - 2/(-3)?
2
Let i = -58053 + 119227. What are the prime factors of i?
2, 73, 419
Let m(l) be the second derivative of 7*l**3/2 - 7*l**2/2 - 4*l. Let z be m(3). List the prime factors of (2 - 22)/((-16)/z).
2, 5, 7
Let p = -225 + 229. Suppose -6*s = -9*s - p*x + 1070, 0 = -s - x + 357. What are the prime factors of s?
2, 179
Let k be 3/(((-18)/(-24))/1). Suppose k*b - 1063 = -f + 2025, -3839 = -5*b + 4*f. List the prime factors of b.
3, 257
Suppose 4 = -2*s, -5*s - 65 = 3*t - 10*s. List the prime factors of -3385*((1 - 70/t) + -4).
677
Suppose n + 1 = 0, 2*g - 4*n - 3822 = 28516. List the prime factors of g.
3, 17, 317
What are the prime factors of (15462/(-15))/(5 - (-256)/(-50))?
2, 5, 859
Let y = -7508 - -17197. What are the prime factors of y?
9689
Let z(q) = 6*q**2 + 9*q + 8. What are the prime factors of z(17)?
5, 379
Suppose -4*v + 1120 = i, 2*v + 2*i = -3*v + 1400. Suppose -37*r + 32*r + v = 0. Suppose -j - 6 = -r. List the prime factors of j.
2, 5
Let z = 48 + -43. Suppose 0*k + z*k + 5 = 0. List the prime factors of ((-2 - -52) + k)*(5 - 4).
7
Suppose 0 = 8*j - 5*j - 552. Let z = -98 + j. Let l = 163 + z. List the prime factors of l.
3, 83
Let k(x) = 9*x - 14. Let b be k(2). What are the prime factors of 1173 - b*(9 + -10)?
11, 107
Let d(b) = -5*b - 5. Let t be d(-1). Suppose -10*c + 7174 + 7376 = t. List the prime factors of c.
3, 5, 97
Suppose -64*z = -65*z + 857. Let o = -409 + z. List the prime factors of o.
2, 7
Let b(v) = -32 - 34 + 207*v + 69. What are the prime factors of b(3)?
2, 3, 13
Suppose 71 = 8*p - 25. Suppose 17*z - p*z + x - 3255 = 0, 2620 = 4*z + 4*x. List the prime factors of z.
2, 5, 13
Suppose -239*o = 16*o - 4590. Let u be 290/14 - (-4)/14. Let w = o + u. What are the prime factors of w?
3, 13
Suppose 0 = -2*i - 5*q + 24274, 7*i + 2*q - 18093 = 66804. List the prime factors of i.
67, 181
Let j = -2280 - -4291. Let z = j + -1202. What are the prime factors of z?
809
Let h(k) = k**3 - 11*k**2 - 11*k - 12. Let b be h(12). Let f be (-2 - (-1 + b)) + (97 - 0). Let v = -57 + f. List the prime factors of v.
3, 13
Let y(g) = -g + 6. Let c = 15 + -13. Let u be y(c). Let a(z) = 2*z**3 - z**2 - 2*z. What are the prime factors of a(u)?
2, 13
List the prime factors of ((-49896)/(-1232))/((-3)/(-982)).
3, 491
Suppose 2 - 2 = -9*m. Suppose 3*d + 14 - 23 = m. Suppose 214 = 4*c - d*r, 6*c - 262 = c + r. List the prime factors of c.
2, 13
Let a be -3*((-246)/(-36))/(2/(-64)). Let j = 529 + a. List the prime factors of j.
3, 5, 79
Suppose -a = -5*h - 5505, 0 = 2*a - a + 5*h - 5535. Suppose 6*f - 18*f - a = 0. Let v = 694 + f. What are the prime factors of v?
2, 3, 13
Let d = 12766 + -6498. List the prime factors of d.
2, 1567
Suppose 5*u - 9*u + 168 = 0. Let f be -35*(u/175)/(3/(-220)). Suppose -f = -8*g + g. List the prime factors of g.
2, 11
Let x(g) = 179*g**3 - 4*g**2 - 3*g + 37. List the prime factors of x(3).
5, 193
Let b(x) = -x**3 - 23*x**2 - 46*x + 16. Let y be b(-21). Let l = y + -102. List the prime factors of 3 + -1 + -2 + l + 62.
2, 3, 5
Suppose -3*w + 0*w = -3*l - 36, 3*w = -4*l - 48. Let i be (0 - 2)*((-30)/l - 5). Let h(u) = u**2 + 4*u - 11. What are the prime factors of h(i)?
2, 17
List the prime factors of (2 - 618/(-9))/(296/37740).
2, 5, 17, 53
Let m = 367 - 369. What are the prime factors of (3/m)/((-15)/7710) + 1?
2, 193
Let j be (-73965)/(-17) + 44/374. Suppose -24*a + j = -5*a. List the prime factors of a.
229
Suppose 6*s = 17*s. Let z(p) = p**2 - 5*p + 635. What are the prime factors of z(s)?
5, 127
Let s(w) = -w**3 - 2*w**2 - 8*w + 17. Suppose 17*l - 77 + 196 = 0. List the prime factors of s(l).
2, 3, 53
Suppose -27*b + 273 = -30*b. Let p = -220 + 119. Let r = b - p. What are the prime factors of r?
2, 5
Suppose 0 = 8*f - 10*f - 340. Let k = f - -278. List the prime factors of k.
2, 3
Suppose 16*g - 6964 = g + 50891. List the prime factors of g.
7, 19, 29
Let z(y) = 26*y - 16. Let h be z(17). What are the prime factors of (19 - 25) + (h - 2)?
2, 11, 19
Let h(d) = d**3 + 31*d**2 + 31*d + 32. Let s be h(-30). List the prime factors of 628 + s/8*0.
2, 157
Suppose k - 6*a = -a + 5387, -5*k - 2*a + 26854 = 0. Suppose 3297 = 4*l + f - 2100, -4*l + 4*f + k = 0. List the prime factors of l.
2, 337
Let u(l) = 18*l**2 - 100*l + 175. What are the prime factors of u(28)?
3, 7, 547
Let y be (2/4)/(-5 - 243/(-48)). Suppose w - 2*n = 63, -4*n - y + 28 = 0. Let v = w - 46. List the prime factors of v.
3
Let y(h) be the first derivative of -4*h**2 + 312*h - 33. What are the prime factors of y(0)?
2, 3, 13
Let f = 1026 + -1526. What are the prime factors of 0 - -2 - (-13)/((-13)/f)?
2, 251
Suppose 4*r + 317 = -r - 3*v, -2*v = -2*r - 114. Let o = -59 - r. Suppose -j + d = -17, j - 45 = -o*j + 5*d. What are the prime factors of j?
2, 5
Let m = -165 - -175. List the prime factors of 1688/m - (9/5 - 1).
2, 3, 7
Suppose 4*z - q = 182, 0*q = -4*z - 2*q + 188. List the prime factors of ((-9729)/z)/(1/(-6)).
3, 47
Suppose 0 = -4*o - 630 + 182. Let s = o - -203. List the prime factors of s.
7, 13
Let c be 285/(-10) + (-6)/4. Let t be -126 + 129 + 1*82. Let f = c + t. List the prime factors of f.
5, 11
Suppose -1 = 3*r - 16. Suppose 4*n = 5*g - 1982, -g - 2*g + 1184 = -r*n. What are the prime factors of g?
2, 199
Let b = 16 - 26. Let q be 12/b*(-40)/16. Suppose -4*u + 234 = 3*y, y + 156 = 3*y - q*u. List the prime factors of y.
2, 3, 13
Let s(g) = 3*g + 2*g**2 - 3*g**2 - 4*g + 3*g. Let o be s(5). Let m(j) = -17*j + 29. What are the prime facto